the remainder when 694496 is divided by 411.
317
What is the remainder when 3102047 is divided by 12?
11
What is the remainder when 128368 is divided by 6103?
205
What is the remainder when 70227 is divided by 192?
147
Calculate the remainder when 273327 is divided by 68230.
407
Calculate the remainder when 24655510 is divided by 1204.
1202
Calculate the remainder when 41351503 is divided by 66.
61
What is the remainder when 98592 is divided by 98419?
173
Calculate the remainder when 14022807 is divided by 10.
7
What is the remainder when 34619 is divided by 3222?
2399
What is the remainder when 7179038 is divided by 31?
27
Calculate the remainder when 86581292 is divided by 2220033.
5
Calculate the remainder when 1942864 is divided by 12952.
64
What is the remainder when 379598 is divided by 379155?
443
Calculate the remainder when 372998 is divided by 43.
16
What is the remainder when 29566436 is divided by 2555?
2531
What is the remainder when 1729548 is divided by 1171?
1152
What is the remainder when 1354942 is divided by 96781?
8
Calculate the remainder when 500270698 is divided by 1150.
1148
Calculate the remainder when 10754315 is divided by 47.
10
What is the remainder when 181499 is divided by 6061?
5730
What is the remainder when 225039351 is divided by 7176?
7167
Calculate the remainder when 7369745 is divided by 3684860.
25
What is the remainder when 4482629 is divided by 4?
1
What is the remainder when 24816 is divided by 1994?
888
Calculate the remainder when 3278466338 is divided by 10678.
10676
Calculate the remainder when 265957 is divided by 2734.
759
What is the remainder when 283743 is divided by 70051?
3539
What is the remainder when 983277 is divided by 4660?
17
What is the remainder when 845694 is divided by 10571?
14
What is the remainder when 321773128 is divided by 315?
313
Calculate the remainder when 732397 is divided by 365935.
527
Calculate the remainder when 21991 is divided by 453.
247
What is the remainder when 15995374 is divided by 132?
10
Calculate the remainder when 91221 is divided by 1185.
1161
What is the remainder when 1393731 is divided by 2281?
40
Calculate the remainder when 25661340 is divided by 2311.
2307
Calculate the remainder when 3892393 is divided by 32168.
65
Calculate the remainder when 11348510 is divided by 756565.
35
What is the remainder when 1198111 is divided by 6693?
64
What is the remainder when 18245686 is divided by 2139?
16
Calculate the remainder when 11568583 is divided by 65.
13
Calculate the remainder when 94381 is divided by 426.
235
What is the remainder when 14456575 is divided by 298?
297
What is the remainder when 19144 is divided by 16336?
2808
What is the remainder when 81959 is divided by 1920?
1319
What is the remainder when 4137601 is divided by 673?
670
Calculate the remainder when 25556685 is divided by 2731.
2718
Calculate the remainder when 3344563 is divided by 1672263.
37
What is the remainder when 4235543 is divided by 640?
23
Calculate the remainder when 922093 is divided by 70930.
3
What is the remainder when 120795 is divided by 29926?
1091
What is the remainder when 571369 is divided by 190419?
112
What is the remainder when 1874735 is divided by 671?
632
Calculate the remainder when 4475142 is divided by 2237557.
28
What is the remainder when 4915768 is divided by 192?
184
Calculate the remainder when 323361 is divided by 6467.
11
What is the remainder when 791694 is divided by 1405?
679
What is the remainder when 1853715 is divided by 3340?
15
Calculate the remainder when 603901 is divided by 602804.
1097
Calculate the remainder when 2337356 is divided by 798.
14
What is the remainder when 351490781 is divided by 2892?
2885
What is the remainder when 65900015 is divided by 91?
90
What is the remainder when 260560229 is divided by 14?
13
What is the remainder when 2955992 is divided by 441?
410
Calculate the remainder when 2034855 is divided by 63.
18
Calculate the remainder when 7855413 is divided by 2840.
2813
Calculate the remainder when 85040 is divided by 538.
36
What is the remainder when 1533161 is divided by 3276?
3269
What is the remainder when 555417916 is divided by 5742?
5740
What is the remainder when 5548 is divided by 551?
38
Calculate the remainder when 553880 is divided by 998.
988
Calculate the remainder when 148104 is divided by 726.
0
What is the remainder when 1182276 is divided by 674?
80
Calculate the remainder when 13304349 is divided by 58.
19
What is the remainder when 2385180 is divided by 536?
516
Calculate the remainder when 8657111 is divided by 105574.
43
Calculate the remainder when 536413810 is divided by 121.
119
Calculate the remainder when 151119 is divided by 1966.
1703
Calculate the remainder when 492101 is divided by 55.
16
What is the remainder when 50836 is divided by 852?
568
Calculate the remainder when 999466 is divided by 770.
6
What is the remainder when 479090 is divided by 95756?
310
What is the remainder when 19798754 is divided by 1414193?
52
Calculate the remainder when 490414 is divided by 2161.
2028
What is the remainder when 138392297 is divided by 17166?
5
Calculate the remainder when 329990 is divided by 36.
14
What is the remainder when 555762 is divided by 1494?
1488
What is the remainder when 125278 is divided by 116?
114
What is the remainder when 1109097 is divided by 184759?
543
What is the remainder when 8310884 is divided by 409?
4
What is the remainder when 28570746 is divided by 6?
0
Calculate the remainder when 10181458 is divided by 556.
542
What is the remainder when 51924 is divided by 25961?
2
What is the remainder when 84450561 is divided by 1837?
1834
Calculate the remainder when 289960 is divided by 144938.
84
Calculate the remainder when 146301 is divided by 12125.
801
What is the remainder when 37490680 is divided by 403?
396
What is the remainder when 7445442 is divided by 62045?
42
What is the remainder when 77917 is divided by 68?
57
What is the remainder when 2586585 is divided by 517314?
15
Calculate the remainder when 47830108 is divided by 526.
402
Calculate the remainder when 23944 is divided by 7809.
517
What is the remainder when 724833 is divided by 40?
33
Calculate the remainder when 43655 is divided by 14007.
1634
What is the remainder when 2063226 is divided by 3456?
3450
What is the remainder when 198443 is divided by 1342?
1169
Calculate the remainder when 5578267 is divided by 79.
77
Calculate the remainder when 162806 is divided by 8116.
486
Calculate the remainder when 73407 is divided by 309.
174
Calculate the remainder when 31303 is divided by 1775.
1128
What is the remainder when 1609209 is divided by 1801?
916
What is the remainder when 5413 is divided by 1370?
1303
Calculate the remainder when 4200465 is divided by 35901.
48
Calculate the remainder when 1427045 is divided by 409.
44
Calculate the remainder when 33076163 is divided by 456.
203
Calculate the remainder when 46509063 is divided by 69313.
40
Calculate the remainder when 431136 is divided by 61589.
13
What is the remainder when 473686 is divided by 543?
190
Calculate the remainder when 209960104 is divided by 121716.
4
What is the remainder when 37577144 is divided by 5553?
5546
What is the remainder when 273986 is divided by 730?
236
Calculate the remainder when 42057758 is divided by 764686.
28
What is the remainder when 6215076 is divided by 17?
12
What is the remainder when 4771879 is divided by 923?
892
Calculate the remainder when 20313159 is divided by 703.
677
Calculate the remainder when 17150159 is divided by 80.
79
Calculate the remainder when 9489855 is divided by 61.
24
Calculate the remainder when 7984786 is divided by 637.
628
What is the remainder when 45705531 is divided by 277?
254
What is the remainder when 42890 is divided by 13548?
2246
Calculate the remainder when 2862568 is divided by 15.
13
What is the remainder when 592466 is divided by 2076?
806
What is the remainder when 8064207 is divided by 1184?
1167
Calculate the remainder when 1198099 is divided by 20.
19
Calculate the remainder when 331327 is divided by 27609.
19
What is the remainder when 172775 is divided by 1152?
1127
Calculate the remainder when 5247718 is divided by 655.
513
What is the remainder when 